prime factors of 355150577.
2999, 118423
What are the prime factors of 443871020?
2, 5, 17, 23, 31, 1831
What are the prime factors of 960373052?
2, 131, 271, 6763
What are the prime factors of 628539618?
2, 3, 7, 3061, 4889
What are the prime factors of 229981303?
5081, 45263
What are the prime factors of 36000318?
2, 3, 6000053
List the prime factors of 467947223.
4903, 95441
List the prime factors of 135230988.
2, 3, 17, 662897
What are the prime factors of 75106630?
2, 5, 101, 74363
List the prime factors of 267464928.
2, 3, 79, 35267
List the prime factors of 107940471.
3, 35980157
What are the prime factors of 36251257?
7, 41, 126311
What are the prime factors of 104603612?
2, 26150903
List the prime factors of 495951520.
2, 5, 47, 65951
What are the prime factors of 243232419?
3, 1193, 67961
List the prime factors of 126390647.
107, 179, 6599
List the prime factors of 11915300.
2, 5, 17, 43, 163
What are the prime factors of 7518436?
2, 281, 6689
What are the prime factors of 46868917?
23, 47, 191, 227
What are the prime factors of 46447769?
53, 876373
List the prime factors of 2949270.
2, 3, 5, 37, 2657
What are the prime factors of 40663743?
3, 19, 713399
List the prime factors of 53309178.
2, 3, 13, 17, 1489
What are the prime factors of 142174063?
23, 751, 8231
List the prime factors of 489002453.
1609, 303917
List the prime factors of 705510138.
2, 3, 47, 313, 7993
What are the prime factors of 1367910765?
3, 5, 13, 113, 20693
List the prime factors of 53335116.
2, 3, 499, 2969
What are the prime factors of 5139973597?
11, 467270327
What are the prime factors of 624808505?
5, 124961701
List the prime factors of 130763496.
2, 3, 5448479
What are the prime factors of 48466257?
3, 7, 163, 14159
What are the prime factors of 79333944?
2, 3, 3305581
What are the prime factors of 108867558?
2, 3, 17, 1067329
What are the prime factors of 177740522?
2, 1277, 69593
List the prime factors of 196349124.
2, 3, 16362427
List the prime factors of 267635321.
267635321
What are the prime factors of 64116100?
2, 5, 29, 22109
What are the prime factors of 2428047166?
2, 47, 25830289
What are the prime factors of 17618276?
2, 13, 23, 14731
What are the prime factors of 434215891?
4243, 102337
List the prime factors of 12632803.
12632803
What are the prime factors of 3086905187?
23, 134213269
What are the prime factors of 209651284?
2, 52412821
List the prime factors of 350395107.
3, 116798369
List the prime factors of 92478857.
92478857
List the prime factors of 575687436.
2, 3, 227, 211339
List the prime factors of 95023945.
5, 541, 35129
List the prime factors of 2298077399.
31, 1973, 37573
What are the prime factors of 1433856104?
2, 223, 803731
What are the prime factors of 84972967?
8419, 10093
What are the prime factors of 58894494?
2, 3, 17, 577397
List the prime factors of 241707748.
2, 60426937
List the prime factors of 976322830.
2, 5, 7, 439, 31771
What are the prime factors of 2446368379?
7, 13, 31, 463, 1873
List the prime factors of 31872498.
2, 3, 7, 41, 83, 223
List the prime factors of 928853819.
191, 4863109
What are the prime factors of 4608121115?
5, 13, 821, 86351
What are the prime factors of 94446024?
2, 3, 727, 5413
List the prime factors of 1778961064.
2, 149, 1492417
What are the prime factors of 463009401?
3, 257, 200177
What are the prime factors of 1436507794?
2, 43, 16703579
What are the prime factors of 472037075?
5, 18881483
List the prime factors of 2040364771.
2040364771
What are the prime factors of 37518598?
2, 13, 1051, 1373
List the prime factors of 31235282.
2, 13, 659, 1823
List the prime factors of 350519759.
31, 37, 305597
List the prime factors of 50201368.
2, 7, 896453
List the prime factors of 2845368408.
2, 3, 19, 29, 103, 2089
What are the prime factors of 493950679?
83, 179, 33247
What are the prime factors of 133235372?
2, 19, 37, 47381
What are the prime factors of 135004236?
2, 3, 1913, 5881
What are the prime factors of 48814686?
2, 3, 19, 142733
What are the prime factors of 69201959?
2473, 27983
What are the prime factors of 1654615988?
2, 19, 709, 30707
What are the prime factors of 179945916?
2, 3, 251, 59743
What are the prime factors of 737260050?
2, 3, 5, 4915067
What are the prime factors of 192294109?
7, 27470587
List the prime factors of 46507919.
46507919
What are the prime factors of 130145627?
71, 79, 23203
What are the prime factors of 90117601?
7, 12873943
What are the prime factors of 2171418927?
3, 131, 5525239
List the prime factors of 459908399.
421, 1092419
What are the prime factors of 1998053215?
5, 399610643
List the prime factors of 96947.
29, 3343
What are the prime factors of 4071077?
4071077
What are the prime factors of 46097390?
2, 5, 887, 5197
What are the prime factors of 794724624?
2, 3, 43, 128347
What are the prime factors of 51786751?
51786751
What are the prime factors of 19688550?
2, 3, 5, 7, 17, 1103
List the prime factors of 462568258.
2, 231284129
What are the prime factors of 1639340451?
3, 7, 963751
List the prime factors of 3131809044.
2, 3, 7, 13, 2867957
What are the prime factors of 79490662?
2, 103, 385877
What are the prime factors of 103619344?
2, 6476209
List the prime factors of 2502453381.
3, 834151127
What are the prime factors of 476419021?
13, 1291, 28387
What are the prime factors of 2943170957?
37, 3823, 20807
What are the prime factors of 1372794275?
5, 167, 328813
What are the prime factors of 2017307668?
2, 463, 1089259
List the prime factors of 102193296.
2, 3, 2129027
What are the prime factors of 100379910?
2, 3, 5, 107, 31271
What are the prime factors of 59667896?
2, 7458487
What are the prime factors of 40939694?
2, 401, 51047
What are the prime factors of 870904?
2, 108863
List the prime factors of 26097218.
2, 7, 1864087
List the prime factors of 7172095028.
2, 7, 97, 2640683
What are the prime factors of 68936996?
2, 463, 37223
List the prime factors of 999058.
2, 19, 61, 431
List the prime factors of 149268231.
3, 7, 409, 1931
List the prime factors of 29726966.
2, 14863483
List the prime factors of 677200462.
2, 338600231
List the prime factors of 1090770834.
2, 3, 2617, 69467
List the prime factors of 47129998.
2, 557, 42307
List the prime factors of 44767639.
7, 6395377
What are the prime factors of 75687278?
2, 71, 533009
List the prime factors of 909054761.
83, 2063, 5309
List the prime factors of 883265932.
2, 881, 250643
List the prime factors of 106815049.
11, 631, 1399
List the prime factors of 2406051406.
2, 11, 109365973
What are the prime factors of 1154541931?
3433, 336307
What are the prime factors of 102525046?
2, 13, 107, 137, 269
List the prime factors of 90979493.
11, 1597, 5179
List the prime factors of 42430619.
7, 11, 78721
What are the prime factors of 15277050?
2, 3, 5, 17, 1997
List the prime factors of 1173101133.
3, 17, 23001983
List the prime factors of 317698668.
2, 3, 7, 41, 97, 317
List the prime factors of 89581898.
2, 7, 107, 8543
What are the prime factors of 1205769468?
2, 3, 37, 503, 5399
List the prime factors of 111393269.
13, 41, 208993
What are the prime factors of 81009520?
2, 5, 1012619
What are the prime factors of 516762631?
7, 11, 449, 14947
What are the prime factors of 52772409?
3, 5863601
What are the prime factors of 159328443?
3, 53109481
What are the prime factors of 2139329004?
2, 3, 178277417
List the prime factors of 49267730.
2, 5, 89, 197, 281
List the prime factors of 51530129.
7, 29, 313, 811
List the prime factors of 121284358.
2, 13, 17, 331, 829
What are the prime factors of 9894720?
2, 3, 5, 11, 937
What are the prime factors of 104992449?
3, 569, 61507
List the prime factors of 1763160441.
3, 7, 197, 426193
What are the prime factors of 683142112?
2, 19, 1123589
List the prime factors of 393497288.
2, 29, 1696109
List the prime factors of 14015572.
2, 3503893
What are the prime factors of 1142829060?
2, 3, 5, 23, 43, 19259
List the prime factors of 130181440.
2, 5, 406817
List the prime factors of 46078722.
2, 3, 239, 10711
List the prime factors of 310927015.
5, 7, 79, 139, 809
List the prime factors of 2144666396.
2, 491, 1039, 1051
List the prime factors of 2766177706.
2, 1383088853
What are the prime factors of 137627060?
2, 5, 6881353
List the prime factors o